6. Let q = -44 - u. Suppose 2*a = n + 252, 4*n = q*a - 8*a + 643. What is the hundreds digit of a?
1
Suppose -5*y + 2*d = -29, 9*y - 10*y - 3*d + 16 = 0. Suppose 2*v = -4*n + 926, -n = -y + 3. What is the tens digit of v?
5
Suppose 15*n + 33*n - 462855 = 161001. What is the hundreds digit of n?
9
Let a be (-2)/6 - (-18448)/48. Suppose -3*n - q = -4*q - 1182, a = n - 3*q. Suppose 3*k = -5*r + n, -2*r + 4*k = -157 + 13. What is the units digit of r?
8
Let v(s) be the second derivative of -2*s + 0 + 7/2*s**2 + 1/2*s**3. What is the units digit of v(17)?
8
What is the ten thousands digit of (-6)/(-5)*-4*(-42725)/20 + 1?
1
Let j(m) = 469*m - 656. What is the thousands digit of j(8)?
3
Suppose 152 = -4*r - 0*r. Let v(p) = -110*p - 12. Let t be v(-1). Let y = r + t. What is the tens digit of y?
6
Suppose 0 = -24*h + 6*h. Suppose 2*n + 3*k - 881 = 0, h*n - 2*n = -3*k - 851. Let b = -189 + n. What is the hundreds digit of b?
2
Suppose 0 = h, -5*c + 0*h + 45 = 4*h. Let o(b) = -b**2 + 23*b - 13. What is the units digit of o(c)?
3
Let i = -89 - -102. Suppose i*j - 2 = 12*j. Suppose 24 = b - q - 1, -j*b = 3*q - 65. What is the tens digit of b?
2
Suppose -3*v + 0*p = -p - 18429, -v = 3*p - 6143. What is the tens digit of v?
4
Let s(k) be the third derivative of k**5/60 + k**4/6 + 145*k**3/2 - 9*k**2. Let b be s(0). Let w = -247 + b. What is the hundreds digit of w?
1
Suppose -5 = -k, 3*t + 2*k - 298 = -t. Let z = t + -12. Let y = z + -21. What is the tens digit of y?
3
Let u = 6262 - -89. What is the thousands digit of u?
6
Let b(n) = -n**2 - 38*n**2 + 94*n**2 + 3 + 130*n**2 - 4*n. What is the units digit of b(1)?
4
Let j = 98680 + -52156. What is the units digit of j?
4
Suppose -2*o = 7*o - 18. Suppose k + x = -o*k + 23, 40 = 4*k - x. Let g = 27 - k. What is the tens digit of g?
1
Let w = 460 - 185. Suppose -b - 261 = -5*q + b, 5*q = -5*b + w. Let x = 71 - q. What is the units digit of x?
8
Let t(h) = -69*h + 4. Let d be t(-4). Let f = -3125 + 3111. Let a = d + f. What is the hundreds digit of a?
2
Suppose -2*k = c - 1637, 4*k - c - 3277 = -0*c. Suppose k + 906 = 5*i. What is the units digit of i?
5
Let y(h) = -4*h**2 - 2*h - 9. Let r(n) = 17*n**2 + 8*n + 36. Let k(w) = -2*r(w) - 9*y(w). Let b be (4/6)/(-3 + 183/63). What is the tens digit of k(b)?
9
Let i(s) = 8*s**3 + 10*s**2 + 70*s - 850. What is the thousands digit of i(13)?
9
Let x(q) = 1 - q - 97*q**2 + 181*q**2 - 86*q**2 - 503*q**3. What is the tens digit of x(-1)?
0
Suppose 507*q - 436*q - 354432 = 0. What is the thousands digit of q?
4
Let b be 2 + (-3 - 53) + -2. Let l = b - 2. What is the tens digit of (l/(-6))/(13/78)?
5
Suppose 24*a + 208116 = 42*a. What is the tens digit of a?
6
Let k(h) = 8*h**2 - 30*h - 155. Let o = -159 - -153. What is the hundreds digit of k(o)?
3
Let k(d) = 2*d**2 + 5*d - 45. Let b be k(-9). Let m = 194 - b. Let t = 147 + m. What is the units digit of t?
9
Let l(c) = 6*c - 38. Let o(y) = 4*y**2 + 2*y - 2. Let p be o(1). Suppose -5*m = -r - r + 61, m + 113 = p*r. What is the units digit of l(r)?
0
Let p(a) = -16*a**2 + 7*a + 100. Let b be p(-12). Let w = 3827 + b. What is the units digit of w?
9
Suppose 22*l - 85624 = 15*l. Suppose 7*p - l = -15*p. What is the tens digit of p?
5
Suppose 0 = c - 2*c - 6. Let b be (466 - (3 + c)) + 5. Let z = 678 - b. What is the units digit of z?
4
Let g(z) = 5*z - 27. Let u be g(5). What is the tens digit of (-8 + (-2070)/(-20))/(u/(-12))?
7
Let b = -56 - -192. Let t = -71 + b. What is the tens digit of t?
6
Suppose -2*t = -0*t - 2*b - 11002, 0 = 5*t - 3*b - 27507. What is the hundreds digit of t?
5
Suppose 175620 = 8*u - 4*f, 5*f + 8749 = u - 13235. What is the ten thousands digit of u?
2
Let g = -660 - -664. Suppose 5*l = g*w + 7890, l - 1021 - 557 = -3*w. What is the hundreds digit of l?
5
Let l(t) = 94*t + 1741. What is the tens digit of l(29)?
6
Suppose -3*n = 2693 - 8909. Suppose n = 28*m - 26*m. What is the tens digit of m?
3
Let g(k) = 10*k. Let b be g(-2). Let s = b - -35. Suppose j - 139 = -s. What is the tens digit of j?
2
Let b = -9250 - -19143. What is the tens digit of b?
9
Suppose -66*i + 29*i - 28556 = -39*i. What is the hundreds digit of i?
2
Suppose -r = -2, 3*r + 9764 = 5*u - 66205. What is the ten thousands digit of u?
1
Let z(i) = -i**3 - 3*i**2 + 10*i + 6. Let d be 2 + 5 + -4 - 50. Let h = -52 - d. What is the units digit of z(h)?
6
Let b(s) = 42*s - 19. Let g = 212 - 205. What is the hundreds digit of b(g)?
2
Suppose -421*k - 12013 = -2*o - 420*k, 4*k = -3*o + 17992. What is the tens digit of o?
0
Let f(n) = n**3 - 10*n**2 + 9*n + 4. Let j be f(9). Let h be 25/j - 9/(-12). Let u(v) = -v**3 + 7*v**2 + 5*v + 4. What is the units digit of u(h)?
9
Let y = 600 - 615. What is the units digit of (-11314)/(-14) + y/105?
8
Let o = 1243 + 4482. What is the hundreds digit of o?
7
Suppose 52*s = 57*s + 130. Let p = -18 - s. What is the units digit of p?
8
Let o = 430 - 298. Suppose 1584 = 141*a - o*a. What is the hundreds digit of a?
1
What is the hundreds digit of 4580633/221 + (-4)/(-26)?
7
Let v(a) = 5*a**3 - 2*a**2 + 4*a + 3. Let b be v(2). Suppose 0 = b*o - 33*o - 5880. What is the hundreds digit of o?
5
Let p(q) = -8*q + 50. Let u be p(6). Suppose 0 = -2*w + 3*a + 1273, -830 + 3400 = 4*w + u*a. What is the tens digit of w?
4
Let c be -1665 - (20/25)/((-2)/(-5)). Let x = 2438 + c. What is the tens digit of x?
7
Let f be 2/3*(40677/(-14))/(-13). Suppose -y + d + f = y, -5*d - 380 = -5*y. Suppose p - 89 = -2*l + 46, 0 = l - 5*p - y. What is the tens digit of l?
6
What is the ten thousands digit of 16/(-20) + (-24)/(-60) - 137404/(-10)?
1
Let r = -19091 - -40796. What is the hundreds digit of r?
7
Suppose 4*x - 2*n = 79852, 19963 = x - 31*n + 30*n. What is the tens digit of x?
6
Suppose 0 = -0*n - 4*n - k - 49, n - 3*k + 22 = 0. Let c = 15 + n. What is the hundreds digit of 798/4 - (4 - c)/(-4)?
2
What is the tens digit of 26436/((54/(-24))/(44/(-8) + 4))?
2
Let v = -743 + 761. Let g(w) = 118*w - 560. What is the tens digit of g(v)?
6
Let b = 439 - -7034. What is the thousands digit of -7 + 91/14 - b/(-6)?
1
Suppose -3*r - 6 = 2*x, -r = 2*x + 3*r + 8. Suppose 4*j - 61 = 5*n, -4*n - 3*j = -x*j + 24. What is the tens digit of n/12 - 103/(-4)?
2
Let j(z) = -245*z + 29. Let l(y) = 3. Let r(b) = j(b) - 3*l(b). What is the units digit of r(-3)?
5
Let v(i) = -418*i - 1573. What is the tens digit of v(-29)?
4
Suppose -3*g - 3*h = -15135, -8*g = -3*g + h - 25217. What is the tens digit of g?
4
Suppose 2*j = 343 - 31. Suppose 3*k - j = 9. Suppose -k = -a - 7. What is the units digit of a?
8
Let p = -186 + 178. What is the units digit of (-1243)/(-99) - p/18?
3
Suppose -10*p + 8532 = 8*p. Let s = 751 - p. Let i = -184 + s. What is the tens digit of i?
9
Suppose 70*t = 296212 + 1918. What is the units digit of t?
9
Suppose -2005 = -33*o + 7532. Let c = 318 - o. What is the tens digit of c?
2
Let u(r) = 2*r - 19. Let m be u(12). Suppose m*s = -10, 2*b - 2714 = -0*b - 4*s. What is the thousands digit of b?
1
Let z(j) = 122*j**3 - 4*j**2 - 15*j + 15. What is the thousands digit of z(5)?
5
What is the tens digit of (-40)/(-15) - (-462390)/18?
9
Suppose -13*r + 35805 = -11138. What is the units digit of r?
1
Let d(g) = -g**3 - 8*g**2 - 5*g + 14. Let v be d(-7). Let p be v/((0 + 1)/1). Suppose p = a + a - s - 41, 4*a = -s + 91. What is the tens digit of a?
2
Let u(y) = 2*y**3 - y**2 + 2*y + 3. Let h be u(0). Let d(z) = h + z**2 - 44*z + 21*z + 24 + 8*z. What is the units digit of d(13)?
1
Let h(l) = l**3 + 15*l**2 - 19*l + 7. Let z be h(-16). What is the units digit of 1*926 - 7*z/77?
1
Let j be (((-33)/9)/(1/6))/(-2). Let q = 156 + -15. Suppose -l + q + j = 0. What is the hundreds digit of l?
1
Let y be (-1)/(-5) - 14/(-5). Let b be 10/(-50) - y/(-15). Suppose -140 = -b*p - 5*p. What is the units digit of p?
8
Let g(s) = 2155*s + 3134. What is the tens digit of g(13)?
4
Let n = 202 + -238. What is the hundreds digit of (n/(-24))/(6/1984)?
4
Let d(x) = 3*x**2 - 7*x + 18. Let s be d(6). Let v be 7/(s/66) - 6/4. Suppose 2*m - 139 = 3*q, v*q - 104 - 79 = -3*m. What is the tens digit of m?
6
Let c = 83588 - 46670. What is the ten thousands digit of c?
3
Let a(h) = -h**3 + 5*h**2 - 7*h + 10. Let p be a(6). Let l = p - -382. What is the tens di